{"id":35,"date":"2024-01-20T20:27:46","date_gmt":"2024-01-20T19:27:46","guid":{"rendered":"https:\/\/acoustique-sy.com\/?page_id=35"},"modified":"2024-07-20T13:24:14","modified_gmt":"2024-07-20T17:24:14","slug":"page-contact","status":"publish","type":"page","link":"https:\/\/acoustique-sy.com\/index.php\/page-contact\/","title":{"rendered":"Contact"},"content":{"rendered":"\t\t<div data-elementor-type=\"wp-page\" data-elementor-id=\"35\" class=\"elementor elementor-35\">\n\t\t\t\t<div class=\"elementor-element elementor-element-53b68c0 e-flex e-con-boxed e-con e-parent\" data-id=\"53b68c0\" data-element_type=\"container\" data-settings=\"{&quot;background_background&quot;:&quot;classic&quot;}\">\n\t\t\t\t\t<div class=\"e-con-inner\">\n\t\t\t\t\t<\/div>\n\t\t\t\t<\/div>\n\t\t<div class=\"elementor-element elementor-element-f48c7c4 e-flex e-con-boxed e-con e-parent\" data-id=\"f48c7c4\" data-element_type=\"container\" data-settings=\"{&quot;background_background&quot;:&quot;classic&quot;}\">\n\t\t\t\t\t<div class=\"e-con-inner\">\n\t\t<div class=\"elementor-element elementor-element-f87928f e-con-full e-flex e-con e-child\" data-id=\"f87928f\" data-element_type=\"container\" data-settings=\"{&quot;background_background&quot;:&quot;classic&quot;}\">\n\t\t\t\t<div class=\"elementor-element elementor-element-25fbd8c elementor-widget elementor-widget-heading\" data-id=\"25fbd8c\" data-element_type=\"widget\" data-widget_type=\"heading.default\">\n\t\t\t\t<div class=\"elementor-widget-container\">\n\t\t\t\t\t<h1 class=\"elementor-heading-title elementor-size-default\">Contactez-nous<\/h1>\t\t\t\t<\/div>\n\t\t\t\t<\/div>\n\t\t\t\t<\/div>\n\t\t\t\t<div class=\"elementor-element elementor-element-6e89a9c elementor-widget elementor-widget-formidable\" data-id=\"6e89a9c\" data-element_type=\"widget\" data-widget_type=\"formidable.default\">\n\t\t\t\t<div class=\"elementor-widget-container\">\n\t\t\t\t\t<div class=\"frm_forms  with_frm_style frm_style_style-formidable\" id=\"frm_form_2_container\" data-token=\"727097ebf029bf7687ce02d89f427481\">\n<form enctype=\"multipart\/form-data\" method=\"post\" class=\"frm-show-form \" id=\"form_contact\" data-token=\"727097ebf029bf7687ce02d89f427481\">\n<div class=\"frm_form_fields \">\n<fieldset>\n<legend class=\"frm_screen_reader\">Contact<\/legend>\r\n\r\n<div class=\"frm_fields_container\">\n<input type=\"hidden\" name=\"frm_action\" value=\"create\" \/>\n<input type=\"hidden\" name=\"form_id\" value=\"2\" \/>\n<input type=\"hidden\" name=\"frm_hide_fields_2\" id=\"frm_hide_fields_2\" value=\"\" \/>\n<input type=\"hidden\" name=\"form_key\" value=\"contact\" \/>\n<input type=\"hidden\" name=\"item_meta[0]\" value=\"\" \/>\n<input type=\"hidden\" id=\"frm_submit_entry_2\" name=\"frm_submit_entry_2\" value=\"be4a984c73\" \/><input type=\"hidden\" name=\"_wp_http_referer\" value=\"\/index.php\/wp-json\/wp\/v2\/pages\/35\" \/><div id=\"frm_field_6_container\" class=\"frm_form_field form-field  frm_required_field frm_none_container frm6 frm_first\">\r\n    <label for=\"field_afni\" id=\"field_afni_label\" class=\"frm_primary_label\">Pr\u00e9nom\r\n        <span class=\"frm_required\" aria-hidden=\"true\"><\/span>\r\n    <\/label>\r\n    <input type=\"text\" id=\"field_afni\" name=\"item_meta[6]\" value=\"\"  placeholder=\"Pr\u00e9nom\" data-reqmsg=\"Ce champ ne peut pas \u00eatre vide\" aria-required=\"true\" data-invmsg=\"texte est non valide\" aria-invalid=\"false\"  \/>\r\n    \r\n    \r\n<\/div>\n<div id=\"frm_field_14_container\" class=\"frm_form_field form-field  frm_required_field frm_top_container frm6\">\r\n    <label for=\"field_l8fvd\" id=\"field_l8fvd_label\" class=\"frm_primary_label\">\r\n        <span class=\"frm_required\" aria-hidden=\"true\"><\/span>\r\n    <\/label>\r\n    <input type=\"text\" id=\"field_l8fvd\" name=\"item_meta[14]\" value=\"\"  placeholder=\"Nom\" data-reqmsg=\"Ce champ ne peut pas \u00eatre vide\" aria-required=\"true\" data-invmsg=\"texte est non valide\" aria-invalid=\"false\"  \/>\r\n    \r\n    \r\n<\/div>\n<div id=\"frm_field_8_container\" class=\"frm_form_field form-field  frm_required_field frm_none_container frm12 frm_first\">\r\n    <label for=\"field_motny\" id=\"field_motny_label\" class=\"frm_primary_label\">Email\r\n        <span class=\"frm_required\" aria-hidden=\"true\"><\/span>\r\n    <\/label>\r\n    <input type=\"email\" id=\"field_motny\" name=\"item_meta[8]\" value=\"\"  placeholder=\"E-mail\" data-reqmsg=\"Ce champ ne peut pas \u00eatre vide\" aria-required=\"true\" data-invmsg=\"Email est non valide\" aria-invalid=\"false\"  \/>\r\n    \r\n    \r\n<\/div>\n<div id=\"frm_field_11_container\" class=\"frm_form_field form-field  frm_none_container frm12 frm_first\">\r\n    <label for=\"field_e1och\" id=\"field_e1och_label\" class=\"frm_primary_label\">T\u00e9l\u00e9phone\r\n        <span class=\"frm_required\" aria-hidden=\"true\"><\/span>\r\n    <\/label>\r\n    <input type=\"tel\" id=\"field_e1och\" name=\"item_meta[11]\" value=\"\"  placeholder=\"t\u00e9l\u00e9phone\" data-invmsg=\"T\u00e9l\u00e9phone est non valide\" aria-invalid=\"false\" pattern=\"((\\+\\d{1,3}(-|.| )?\\(?\\d\\)?(-| |.)?\\d{1,5})|(\\(?\\d{2,6}\\)?))(-|.| )?(\\d{3,4})(-|.| )?(\\d{4})(( x| ext)\\d{1,5}){0,1}$\"  \/>\r\n    \r\n    \r\n<\/div>\n<div id=\"frm_field_12_container\" class=\"frm_form_field form-field  frm_top_container\">\r\n    <label for=\"field_peqp0\" id=\"field_peqp0_label\" class=\"frm_primary_label\">Domaines d'intervention\r\n        <span class=\"frm_required\" aria-hidden=\"true\"><\/span>\r\n    <\/label>\r\n    \t\t<select name=\"item_meta[12]\" id=\"field_peqp0\"  data-invmsg=\"Domaines d&#039;intervention est non valide\" aria-invalid=\"false\"  >\n\t\t<option  value=\"B\u00e2timent\">B\u00e2timent<\/option><option  value=\"Acoustique environnementale\">Acoustique environnementale<\/option><option  value=\"Industrie\">Industrie<\/option><option  value=\"Salles d\u2019\u00e9coute\">Salles d\u2019\u00e9coute<\/option><option  value=\"Bruit de voisinage\">Bruit de voisinage<\/option><option  value=\"Lieux musicaux\">Lieux musicaux<\/option><option  value=\"Autre\">Autre<\/option>\t<\/select>\n\t\r\n    \r\n    \r\n<\/div>\n<div id=\"frm_field_9_container\" class=\"frm_form_field form-field  frm_required_field frm_top_container\">\r\n    <label for=\"field_9l0lr\" id=\"field_9l0lr_label\" class=\"frm_primary_label\">Message\r\n        <span class=\"frm_required\" aria-hidden=\"true\">*<\/span>\r\n    <\/label>\r\n    <textarea name=\"item_meta[9]\" id=\"field_9l0lr\" rows=\"5\"  placeholder=\"Votre projet :\" data-reqmsg=\"Ce champ ne peut pas \u00eatre vide\" aria-required=\"true\" data-invmsg=\"Message est non valide\" aria-invalid=\"false\"  ><\/textarea>\r\n    \r\n    \r\n<\/div>\n<div id=\"frm_field_15_container\" class=\"frm_form_field form-field \">\r\n\t<div class=\"frm_submit frm_flex\">\r\n<button class=\"frm_button_submit\" type=\"submit\"  >Envoyer <\/button>\r\n\r\n\r\n\r\n<\/div>\r\n<\/div>\n\t<input type=\"hidden\" name=\"item_key\" value=\"\" \/>\n\t\t\t<div id=\"frm_field_16_container\">\n\t\t\t<label for=\"field_fx8yl\" >\n\t\t\t\tSi vous \u00eates un humain, ne remplissez pas ce champ.\t\t\t<\/label>\n\t\t\t<input  id=\"field_fx8yl\" type=\"text\" class=\"frm_form_field form-field frm_verify\" name=\"item_meta[16]\" value=\"\"  \/>\n\t\t<\/div>\n\t\t<input name=\"frm_state\" type=\"hidden\" value=\"Ke7PdBgTquMfe\/yQAc55CqhstKmgIkJI1RNhpzlCQPw=\" \/><\/div>\n<\/fieldset>\n<\/div>\n\n<p style=\"display: none !important;\" class=\"akismet-fields-container\" data-prefix=\"ak_\"><label>&#916;<textarea name=\"ak_hp_textarea\" cols=\"45\" rows=\"8\" maxlength=\"100\"><\/textarea><\/label><input type=\"hidden\" id=\"ak_js_1\" name=\"ak_js\" value=\"129\"\/><script>document.getElementById( \"ak_js_1\" ).setAttribute( \"value\", ( new Date() ).getTime() );<\/script><\/p><\/form>\n<\/div>\n\t\t\t\t<\/div>\n\t\t\t\t<\/div>\n\t\t\t\t\t<\/div>\n\t\t\t\t<\/div>\n\t\t\t\t<\/div>\n\t\t","protected":false},"excerpt":{"rendered":"<p>Contactez-nous Contact Pr\u00e9nom Email T\u00e9l\u00e9phone Domaines d&rsquo;intervention B\u00e2timentAcoustique environnementaleIndustrieSalles d\u2019\u00e9couteBruit de voisinageLieux musicauxAutre Message * Envoyer If you are human, leave this field blank. &#916;<\/p>\n","protected":false},"author":1,"featured_media":0,"parent":0,"menu_order":0,"comment_status":"closed","ping_status":"closed","template":"elementor_header_footer","meta":{"footnotes":""},"class_list":["post-35","page","type-page","status-publish","hentry","entry"],"yoast_head":"<!-- This site is optimized with the Yoast SEO plugin v25.2 - https:\/\/yoast.com\/wordpress\/plugins\/seo\/ -->\n<title>Contactez-Nous pour l&#039;Isolation Acoustique - Guadeloupe - Domi ...<\/title>\n<meta name=\"description\" content=\"Contactez-nous pour des solutions d&#039;isolation acoustique aux Antilles-Guyane. Experts en insonorisation pour tous types de b\u00e2timents.\" \/>\n<meta name=\"robots\" content=\"index, follow, max-snippet:-1, max-image-preview:large, max-video-preview:-1\" \/>\n<link rel=\"canonical\" href=\"https:\/\/acoustique-sy.com\/index.php\/page-contact\/\" \/>\n<meta property=\"og:locale\" content=\"fr_FR\" \/>\n<meta property=\"og:type\" content=\"article\" \/>\n<meta property=\"og:title\" content=\"Contactez-Nous pour l&#039;Isolation Acoustique - Guadeloupe - Domi ...\" \/>\n<meta property=\"og:description\" content=\"Contactez-nous pour des solutions d&#039;isolation acoustique aux Antilles-Guyane. Experts en insonorisation pour tous types de b\u00e2timents.\" \/>\n<meta property=\"og:url\" content=\"https:\/\/acoustique-sy.com\/index.php\/page-contact\/\" \/>\n<meta property=\"og:site_name\" content=\"Acoustique Sy CONSEIL\" \/>\n<meta property=\"article:modified_time\" content=\"2024-07-20T17:24:14+00:00\" \/>\n<meta name=\"twitter:card\" content=\"summary_large_image\" \/>\n<meta name=\"twitter:label1\" content=\"Dur\u00e9e de lecture estim\u00e9e\" \/>\n\t<meta name=\"twitter:data1\" content=\"1 minute\" \/>\n<script type=\"application\/ld+json\" class=\"yoast-schema-graph\">{\"@context\":\"https:\/\/schema.org\",\"@graph\":[{\"@type\":\"WebPage\",\"@id\":\"https:\/\/acoustique-sy.com\/index.php\/page-contact\/\",\"url\":\"https:\/\/acoustique-sy.com\/index.php\/page-contact\/\",\"name\":\"Contactez-Nous pour l'Isolation Acoustique - Guadeloupe - Domi ...\",\"isPartOf\":{\"@id\":\"https:\/\/acoustique-sy.com\/#website\"},\"datePublished\":\"2024-01-20T19:27:46+00:00\",\"dateModified\":\"2024-07-20T17:24:14+00:00\",\"description\":\"Contactez-nous pour des solutions d'isolation acoustique aux Antilles-Guyane. Experts en insonorisation pour tous types de b\u00e2timents.\",\"breadcrumb\":{\"@id\":\"https:\/\/acoustique-sy.com\/index.php\/page-contact\/#breadcrumb\"},\"inLanguage\":\"fr-FR\",\"potentialAction\":[{\"@type\":\"ReadAction\",\"target\":[\"https:\/\/acoustique-sy.com\/index.php\/page-contact\/\"]}]},{\"@type\":\"BreadcrumbList\",\"@id\":\"https:\/\/acoustique-sy.com\/index.php\/page-contact\/#breadcrumb\",\"itemListElement\":[{\"@type\":\"ListItem\",\"position\":1,\"name\":\"Accueil\",\"item\":\"https:\/\/acoustique-sy.com\/\"},{\"@type\":\"ListItem\",\"position\":2,\"name\":\"Contact\"}]},{\"@type\":\"WebSite\",\"@id\":\"https:\/\/acoustique-sy.com\/#website\",\"url\":\"https:\/\/acoustique-sy.com\/\",\"name\":\"Acoustique Sy CONSEIL\",\"description\":\"\",\"publisher\":{\"@id\":\"https:\/\/acoustique-sy.com\/#organization\"},\"potentialAction\":[{\"@type\":\"SearchAction\",\"target\":{\"@type\":\"EntryPoint\",\"urlTemplate\":\"https:\/\/acoustique-sy.com\/?s={search_term_string}\"},\"query-input\":{\"@type\":\"PropertyValueSpecification\",\"valueRequired\":true,\"valueName\":\"search_term_string\"}}],\"inLanguage\":\"fr-FR\"},{\"@type\":\"Organization\",\"@id\":\"https:\/\/acoustique-sy.com\/#organization\",\"name\":\"Acoustique Sy CONSEIL\",\"alternateName\":\"A.Sy conseil\",\"url\":\"https:\/\/acoustique-sy.com\/\",\"logo\":{\"@type\":\"ImageObject\",\"inLanguage\":\"fr-FR\",\"@id\":\"https:\/\/acoustique-sy.com\/#\/schema\/logo\/image\/\",\"url\":\"http:\/\/acoustique-sy.com\/wp-content\/uploads\/2024\/07\/icon-1.png\",\"contentUrl\":\"http:\/\/acoustique-sy.com\/wp-content\/uploads\/2024\/07\/icon-1.png\",\"width\":512,\"height\":512,\"caption\":\"Acoustique Sy CONSEIL\"},\"image\":{\"@id\":\"https:\/\/acoustique-sy.com\/#\/schema\/logo\/image\/\"}}]}<\/script>\n<!-- \/ Yoast SEO plugin. -->","yoast_head_json":{"title":"Contactez-Nous pour l'Isolation Acoustique - Guadeloupe - Domi ...","description":"Contactez-nous pour des solutions d'isolation acoustique aux Antilles-Guyane. Experts en insonorisation pour tous types de b\u00e2timents.","robots":{"index":"index","follow":"follow","max-snippet":"max-snippet:-1","max-image-preview":"max-image-preview:large","max-video-preview":"max-video-preview:-1"},"canonical":"https:\/\/acoustique-sy.com\/index.php\/page-contact\/","og_locale":"fr_FR","og_type":"article","og_title":"Contactez-Nous pour l'Isolation Acoustique - Guadeloupe - Domi ...","og_description":"Contactez-nous pour des solutions d'isolation acoustique aux Antilles-Guyane. Experts en insonorisation pour tous types de b\u00e2timents.","og_url":"https:\/\/acoustique-sy.com\/index.php\/page-contact\/","og_site_name":"Acoustique Sy CONSEIL","article_modified_time":"2024-07-20T17:24:14+00:00","twitter_card":"summary_large_image","twitter_misc":{"Dur\u00e9e de lecture estim\u00e9e":"1 minute"},"schema":{"@context":"https:\/\/schema.org","@graph":[{"@type":"WebPage","@id":"https:\/\/acoustique-sy.com\/index.php\/page-contact\/","url":"https:\/\/acoustique-sy.com\/index.php\/page-contact\/","name":"Contactez-Nous pour l'Isolation Acoustique - Guadeloupe - Domi ...","isPartOf":{"@id":"https:\/\/acoustique-sy.com\/#website"},"datePublished":"2024-01-20T19:27:46+00:00","dateModified":"2024-07-20T17:24:14+00:00","description":"Contactez-nous pour des solutions d'isolation acoustique aux Antilles-Guyane. Experts en insonorisation pour tous types de b\u00e2timents.","breadcrumb":{"@id":"https:\/\/acoustique-sy.com\/index.php\/page-contact\/#breadcrumb"},"inLanguage":"fr-FR","potentialAction":[{"@type":"ReadAction","target":["https:\/\/acoustique-sy.com\/index.php\/page-contact\/"]}]},{"@type":"BreadcrumbList","@id":"https:\/\/acoustique-sy.com\/index.php\/page-contact\/#breadcrumb","itemListElement":[{"@type":"ListItem","position":1,"name":"Accueil","item":"https:\/\/acoustique-sy.com\/"},{"@type":"ListItem","position":2,"name":"Contact"}]},{"@type":"WebSite","@id":"https:\/\/acoustique-sy.com\/#website","url":"https:\/\/acoustique-sy.com\/","name":"Acoustique Sy CONSEIL","description":"","publisher":{"@id":"https:\/\/acoustique-sy.com\/#organization"},"potentialAction":[{"@type":"SearchAction","target":{"@type":"EntryPoint","urlTemplate":"https:\/\/acoustique-sy.com\/?s={search_term_string}"},"query-input":{"@type":"PropertyValueSpecification","valueRequired":true,"valueName":"search_term_string"}}],"inLanguage":"fr-FR"},{"@type":"Organization","@id":"https:\/\/acoustique-sy.com\/#organization","name":"Acoustique Sy CONSEIL","alternateName":"A.Sy conseil","url":"https:\/\/acoustique-sy.com\/","logo":{"@type":"ImageObject","inLanguage":"fr-FR","@id":"https:\/\/acoustique-sy.com\/#\/schema\/logo\/image\/","url":"http:\/\/acoustique-sy.com\/wp-content\/uploads\/2024\/07\/icon-1.png","contentUrl":"http:\/\/acoustique-sy.com\/wp-content\/uploads\/2024\/07\/icon-1.png","width":512,"height":512,"caption":"Acoustique Sy CONSEIL"},"image":{"@id":"https:\/\/acoustique-sy.com\/#\/schema\/logo\/image\/"}}]}},"_links":{"self":[{"href":"https:\/\/acoustique-sy.com\/index.php\/wp-json\/wp\/v2\/pages\/35","targetHints":{"allow":["GET"]}}],"collection":[{"href":"https:\/\/acoustique-sy.com\/index.php\/wp-json\/wp\/v2\/pages"}],"about":[{"href":"https:\/\/acoustique-sy.com\/index.php\/wp-json\/wp\/v2\/types\/page"}],"author":[{"embeddable":true,"href":"https:\/\/acoustique-sy.com\/index.php\/wp-json\/wp\/v2\/users\/1"}],"replies":[{"embeddable":true,"href":"https:\/\/acoustique-sy.com\/index.php\/wp-json\/wp\/v2\/comments?post=35"}],"version-history":[{"count":21,"href":"https:\/\/acoustique-sy.com\/index.php\/wp-json\/wp\/v2\/pages\/35\/revisions"}],"predecessor-version":[{"id":1058,"href":"https:\/\/acoustique-sy.com\/index.php\/wp-json\/wp\/v2\/pages\/35\/revisions\/1058"}],"wp:attachment":[{"href":"https:\/\/acoustique-sy.com\/index.php\/wp-json\/wp\/v2\/media?parent=35"}],"curies":[{"name":"wp","href":"https:\/\/api.w.org\/{rel}","templated":true}]}}